s 9056909 composite?
False
Is 39497569 composite?
False
Is 1589179909 composite?
False
Is 556651 composite?
False
Is 4389691 a composite number?
False
Is 16136483 composite?
True
Is 39533005 prime?
False
Is 11219654 prime?
False
Is 43772147 prime?
False
Is 146661407 a prime number?
True
Is 6206501 a composite number?
True
Is 81574319 prime?
True
Is 2824789 a prime number?
False
Is 847774747 prime?
False
Is 18129991 prime?
False
Is 42390097 prime?
True
Is 22443587 prime?
False
Is 6053131 composite?
True
Is 16397761 a composite number?
False
Is 5070311 composite?
False
Is 5183707 composite?
False
Is 6405979 a composite number?
False
Is 872843 a composite number?
False
Is 6043021 composite?
True
Is 3129901 a prime number?
False
Is 27929927 prime?
True
Is 8561162 prime?
False
Is 867887 composite?
False
Is 5486491 prime?
False
Is 15647959 prime?
False
Is 2945773 a prime number?
True
Is 33702167 composite?
False
Is 62213335 a prime number?
False
Is 75669251 composite?
True
Is 4713419 composite?
True
Is 76652237 prime?
False
Is 209802953 composite?
False
Is 980789 prime?
False
Is 987333077 a composite number?
False
Is 50152709 prime?
False
Is 4959953 a composite number?
True
Is 680773 a composite number?
True
Is 5180987 a composite number?
True
Is 47309851 composite?
False
Is 6032723 composite?
False
Is 69768077 prime?
True
Is 1830835 a prime number?
False
Is 169877777 a composite number?
False
Is 2198773 composite?
True
Is 12895937 a prime number?
False
Is 149143 prime?
True
Is 252519383 a prime number?
True
Is 903419 composite?
True
Is 150074989 prime?
True
Is 22699191 prime?
False
Is 291142451 a prime number?
True
Is 17703305 composite?
True
Is 6078031 prime?
False
Is 2203301 prime?
True
Is 11063186 prime?
False
Is 265973009 a composite number?
False
Is 1104391 prime?
False
Is 211417 a composite number?
True
Is 357562 prime?
False
Is 390463 composite?
False
Is 31489919 composite?
False
Is 3211979 prime?
True
Is 8823991 a composite number?
True
Is 219587 a prime number?
True
Is 54029741 prime?
False
Is 24873593 composite?
True
Is 141727823 prime?
False
Is 248826973 composite?
True
Is 736273 a composite number?
False
Is 4899913 a composite number?
True
Is 315064469 composite?
True
Is 433568451 a prime number?
False
Is 1343189 prime?
False
Is 8116627 a composite number?
True
Is 1332139 composite?
True
Is 195907 a prime number?
True
Is 1479029 composite?
True
Is 431631047 composite?
False
Is 3627223 composite?
False
Is 660031 composite?
True
Is 3115103 a prime number?
True
Is 179550187 a prime number?
False
Is 3147259 a composite number?
False
Is 753859 composite?
False
Is 158534489 composite?
True
Is 1370953 a composite number?
False
Is 1896329 prime?
False
Is 17479381 prime?
False
Is 3583513 a composite number?
True
Is 257947333 prime?
False
Is 564854 prime?
False
Is 204914741 composite?
True
Is 561613523 a composite number?
True
Is 10204251 prime?
False
Is 6057973 composite?
True
Is 1981933 a prime number?
False
Is 5185533 a prime number?
False
Is 340357081 composite?
False
Is 140774155 a composite number?
True
Is 15574323 a prime number?
False
Is 12217199 composite?
False
Is 190158019 composite?
False
Is 68438177 prime?
True
Is 19703207 prime?
True
Is 1508489 composite?
False
Is 50891833 a composite number?
True
Is 6769933 prime?
False
Is 393623 a prime number?
False
Is 15238997 composite?
False
Is 1665273 composite?
True
Is 7483691 a composite number?
False
Is 4515101 prime?
True
Is 9304237 composite?
True
Is 18602707 a prime number?
False
Is 408870365 a composite number?
True
Is 430403 a composite number?
True
Is 103886513 composite?
False
Is 60377557 a composite number?
True
Is 57582061 a prime number?
True
Is 7225091 prime?
True
Is 6090941 prime?
True
Is 1166987 a prime number?
True
Is 1465357 composite?
True
Is 4423147 composite?
True
Is 18880753 prime?
True
Is 30728329 a prime number?
False
Is 5656093 a composite number?
False
Is 111788953 a composite number?
False
Is 798001 a prime number?
False
Is 1952939 a composite number?
False
Is 101504243 a prime number?
False
Is 2447083 prime?
False
Is 216163859 a prime number?
True
Is 421891 a prime number?
True
Is 291957493 a composite number?
False
Is 125243129 a prime number?
False
Is 14430947 prime?
True
Is 89067341 a prime number?
False
Is 159769429 a composite number?
True
Is 3852619 a composite number?
True
Is 11099129 a prime number?
True
Is 1029647 prime?
True
Is 217867151 a prime number?
False
Is 15120722 prime?
False
Is 1211441015 composite?
True
Is 12612727 a composite number?
False
Is 285574 a prime number?
False
Is 7382357 composite?
False
Is 32534513 a composite number?
True
Is 506149 a composite number?
True
Is 2860409 a prime number?
True
Is 8750591 a composite number?
False
Is 92718371 composite?
False
Is 160679081 a composite number?
True
Is 7993253 a prime number?
False
Is 413477 a composite number?
False
Is 2971151 a composite number?
True
Is 902261 prime?
True
Is 4772198 composite?
True
Is 56842069 a composite number?
False
Is 126805747 a composite number?
False
Is 229029127 a composite number?
True
Is 5254451 a composite number?
True
Is 20849041 a prime number?
True
Is 14925607 a composite number?
True
Is 2605 a prime number?
False
Is 459593 prime?
True
Is 1988503 a composite number?
True
Is 7654187 composite?
True
Is 31408123 composite?
False
Is 353388557 composite?
True
Is 421909 prime?
False
Is 2148857 a prime number?
True
Is 74696455 a composite number?
True
Is 26146903 a prime number?
True
Is 431189929 a prime number?
False
Is 16187777 a prime number?
True
Is 2386711 a composite number?
True
Is 1318190741 prime?
False
Is 38351581 prime?
True
Is 10613063 prime?
True
Is 9961141 composite?
False
Is 84318569 composite?
True
Is 707849 prime?
True
Is 13798697 a composite number?
True
Is 17310101 prime?
True
Is 3482960779 a composite number?
False
Is 73352549 a prime number?
True
Is 43489861 prime?
True
Is 120304553 prime?
False
Is 1282343 a composite number?
False
Is 218157317 a prime number?
False
Is 5633923 a composite number?
False
Is 1846511 prime?
True
Is 15187773 a composite number?
True
Is 86855869 prime?
True
Is 48306017 a prime number?
False
Is 121284623 prime?
True
Is 33830033 composite?
True
Is 2805311 composite?
False
Is 6132305 prime?
False
Is 24782123 composite?
True
Is 1958261 a composite number?
True
Is 103141 a composite number?
False
Is 3079589 a prime number?
False
Is 16305671 a composite number?
True
Is 172179391 prime?
True
Is 8127961 a prime number?
True
Is 5854663 a composite number?
False
Is 4929641 composite?
False
Is 7507 prime?
True
Is 4105462 a prime number?
False
Is 198241661 composite?
True
Is 962072311 a composite number?
False
Is 66863867 a prime number?
False
Is 129609901 composite?
False
Is 22902901 composite?
True
Is 281399 a prime number?
False
Is 5358263 prime?
True
Is 3548381 a prime number?
True
Is 202849889 a composite number?
True
Is 72976571 a prime number?
False
Is 26674339 a composite number?
False
Is 21359146 composite?
True
Is 738035 a composite number?
True
Is 1002063 composite?
True
Is 4757241 a prime number?
False
Is 121777 composite?
True
Is 86063 prime?
False
Is 24627281 a composite number?
True
Is 863599 a composite number?
True
Is 78645731 a prime number?
False
Is 43700047 a composite number?
True
Is 3856045 a prime number?
False
Is 102838871 prime?
True
Is 11258677 a prime number?
False
Is 22201615 prime?
False
Is 24740669 a composite number?
False
Is 7830231 composite?
True
Is 71720587 composite?
False
Is 2917091 prime?
True
Is 15811423 composite?
True
Is 96741401 a composite number?
False
Is 2202205 composite?
True
Is 15527503 composite?
True
Is 103625279 a composite number?
False
Is 13637561 prime?
False
Is 9786827 a composite number?
False
Is 54728419 prime?
False
Is 71572729 prime?
True
Is 32571977 a composite number?
True
Is 1602554 a prime number?
False
Is 3306731 composite?
False
Is 56476207 a composite number?
False
Is 4838773 a prime number?
False
Is 1293697 a prime number?
False
Is 34818269 prime?
True
Is 101242093 prime?
False
Is 211043369 composite?
True
Is 315617199 a composite number?
True
Is 14543807 a composite number?
True
Is 21891409 prime?
False
Is 10503317 prime?
False
Is 157226567 prime?
False
Is 5